ive of c(n). Determine u(1).
1
Let p(g) = 40*g - 301. Let k(s) = -17*s + 152. Let u(d) = 9*k(d) + 4*p(d). Give u(-20).
24
Let t be (4/8*-2)/((-9)/(-18)). Let s(v) = -6*v + 5. Let r(p) be the second derivative of p**3 - 3*p**2 + 4*p. Let q(i) = t*r(i) - 3*s(i). Calculate q(-3).
-21
Let l be 5 + (24/(-9))/(0 + (-6)/18). Let k(d) = -d - 11. Determine k(l).
-24
Let g(c) = 10*c - 20*c - c - 302 + 300 - 131. Calculate g(-14).
21
Let x(q) = q**3 + 6*q**2 + 4*q + 1. Suppose -46*k + 42*k = -2*j + 20, k = 3*j - 5. What is x(k)?
6
Let q(i) be the third derivative of -i**6/60 + i**5/6 + 5*i**4/12 + 13*i**3/6 - 2647*i**2. Determine q(6).
1
Let w(z) be the first derivative of -z**6/120 + z**5/10 - 7*z**3/6 - z**2 + 12*z - 57. Let x(d) be the second derivative of w(d). Give x(6).
-7
Let h = -40 + 45. Suppose 60 = h*r - 2*n - 28, -5*r + 96 = -4*n. Let o(i) = 17 + 0*i - 5*i - r. Determine o(1).
-4
Let x(v) = v**3 - 13*v**2 + 9*v + 5. Let y be x(12). Let n = 41 + y. Let u(f) = -6*f + 5 + 4 - n + 3*f. Determine u(-2).
5
Let k(l) = -l**3 - l**2 + l - 1. Let z(v) = -v + 10*v**2 + 2*v + 8 - 10. Let q(t) = -k(t) - z(t). Let a(u) = u**2 - 3*u - 9. Let f be a(-3). What is q(f)?
-15
Let b(n) = -8*n**2 - 5*n**2 - 2009345*n - n**3 + 2009332*n - 12 - 2. Determine b(-12).
-2
Suppose 2*s = -2*s - 8, 3*d - 17 = 4*s. Suppose 2*j - d = 1. Let g(r) = 10 + 8*r**2 - r**3 - 3*r**j - 8. Determine g(5).
2
Let l(x) = x**2 - 16*x + 25. Suppose 2*m - 3*k = 21, -2*k + 33 = m + 12. What is l(m)?
10
Let a be 5/3 - -2 - 1/(-3). Suppose 5*o + 20 = 3*n, -12 = a*o - o. Let z(y) be the second derivative of -y**5/20 + y**4/12 + 4*y**2 + 4*y. Calculate z(n).
8
Let k(b) = 7*b - 34. Suppose 2*i - 2*w = 16, 2*w + 21 - 55 = -3*i. What is k(i)?
36
Let y(m) be the second derivative of -14*m**3/3 + 52*m**2 - m + 1571. Calculate y(6).
-64
Let m(c) be the first derivative of -c**3/3 + 9*c**2/2 - 2*c + 2080. What is m(12)?
-38
Let j(k) = -43*k - 283. Let l be j(-6). Let z(c) = 3*c**2 + 78*c + 68. Calculate z(l).
-7
Let g = 55050 - 55056. Let q(l) = -6*l - 5*l - 4 + 5*l. Give q(g).
32
Let u(x) be the first derivative of 3*x + 105 + 5/2*x**2 - 1/3*x**3. Give u(5).
3
Suppose -j + 9 = -4*j. Let u(i) be the second derivative of i**5/30 + i**4/24 + 93*i**2/2 + 2*i + 18. Let x(b) be the first derivative of u(b). Determine x(j).
15
Let o = 43 - 20. Let t(b) = -4*b**2 - o*b - 24*b + 46*b. Determine t(1).
-5
Let j(a) = 4*a**3 + 28*a**2 - 55*a - 326. Let g(z) = -7*z**3 - 56*z**2 + 105*z + 651. Let r(x) = -3*g(x) - 5*j(x). Calculate r(-29).
-4
Let y(v) be the third derivative of v**6/60 + 37*v**5/60 - 5*v**4/6 - 23*v**3/6 + 2104*v**2. What is y(-19)?
-4
Let q be (2 - (-4)/(-3))*189/18. Suppose c = -2*m + q, 3*m + 5*c + 25 = 8*m. Let b(v) = v**2 - 6*v + 3. Calculate b(m).
-5
Let u(j) be the second derivative of j**5/10 - 43*j**4/12 + 16*j**3 - 25*j**2/2 - 3254*j - 1. Determine u(19).
-6
Let x(l) = -7*l + 2. Let m = -687 - -701. Suppose 26 - m = 6*n. What is x(n)?
-12
Let q(s) = -2*s**2 - 8*s - 24. Let g(o) = -2*o**2 - 9*o - 27. Let z(u) = -9*g(u) + 10*q(u). Suppose 20 = 6*c - c. What is z(c)?
-25
Suppose 0 = -208*x + 210*x - 6. Let t(y) = y**2 + 4 - 17 + 10 + x*y - 2. Give t(-6).
13
Let p be -2 - 1/(-3 - -2). Let z be -1 - ((p - 0) + -1). Let o(b) = 1 + 6984*b - 4093*b - 2867*b. Give o(z).
25
Let x(i) = -8*i - 61. Suppose -4*c = -4*l - 24, -5*c - 5 = 4*l + 28. Calculate x(l).
-5
Let l(x) = x**3 - 6*x**2 + 6. Suppose 0 = -2*r - s + 373, 3*r + 3*s - 215 = 346. Suppose -12*z - r = -15*z. Let c = 68 - z. What is l(c)?
6
Let p(m) = m**2 + 24*m + 69. Suppose 43*i - 114 = 49*i - 4*f, 2*f = -2*i - 48. Calculate p(i).
6
Let j(b) = -45 - 7 - 46 + 17*b - 22. Let c be j(7). Let l(p) = p**3 - p**2 - p. What is l(c)?
-1
Let i be (1*2)/((-6)/15). Let c(d) be the third derivative of -d**5/60 - d**4/6 + d**3/3 + d**2 - 2891*d. Determine c(i).
-3
Let h(t) be the third derivative of -t**4/12 - 65*t**3/6 - 3994*t**2. Give h(-18).
-29
Let v(d) = 25*d**2 - 13*d**2 + 165*d**3 - 17*d**2 - 164*d**3. Give v(4).
-16
Let k(q) = -q**2 + 30*q + 2. Let d be k(30). Let u(h) = 4*h + 0 - 17*h - d + 4*h. Give u(1).
-11
Let s(c) = -c. Let l(n) = 1. Let j(a) = 4*l(a) + 2*s(a). Give j(-4).
12
Let q = -125 - -125. Suppose q = 8*w - 10*w + 4. Suppose -5*c + 2 = -3*v - 1, -v = w*c + 1. Let b(y) = -y - 2. Calculate b(v).
-1
Let v(x) = -3 + 6548*x**3 - 5*x - 3*x**2 - 6549*x**3 + 11*x**2. Give v(5).
47
Let p(d) be the first derivative of -d**2/2 - 4*d + 107. Suppose 3*s = 4*s + k - 15, -2*s + k + 30 = 0. Let l = -23 + s. What is p(l)?
4
Let o(u) be the first derivative of u**7/840 - u**6/72 - u**5/30 - 5*u**4/24 + 148*u**3/3 - 60. Let t(v) be the third derivative of o(v). Give t(6).
7
Let v(q) = q**3 - 6*q**2 - 4*q - 28. Let m be (18 + (-636)/36)/(2/42). Calculate v(m).
-7
Let p(r) = -4*r**3 - 9*r**2 + 8*r + 1. Let v(m) = -6*m**3 - 14*m**2 + 10*m + 2. Let l(c) = 7*p(c) - 5*v(c). Calculate l(-5).
-108
Let i(r) be the third derivative of r**6/120 - 11*r**5/30 - r**4 + 11*r**3/2 + 2447*r**2 + 2*r + 1. Calculate i(23).
10
Let a(b) = -b**3 + 10*b**2 - 9*b + 4. Suppose 0 = -13*v + 24*v - 143. Suppose -3*y + 4*y + 41 = 4*o, -2*o + v = y. Give a(o).
4
Let f be 2 + ((-8)/5)/(4/(-410)). Suppose 3*z = -56 - f. Let v = z + 66. Let w(q) = q**3 + 9*q**2 + 7*q + 2. Calculate w(v).
10
Let u be 9/4 + 2/(-8). Let p(g) = 2*g**u + g - 4 + 3 + 3*g - 5*g. Let j(z) = -z**3 + 5*z**2 + 2. Let k be j(5). Determine p(k).
5
Let x(y) = -y**3 + 2*y**2 - y. Let v be 89/(2 - (-36)/(-20)). Suppose -v = -8*l - 437. Give x(l).
0
Let d be (-6)/21 + (-9265)/35. Let p = 266 + d. Let t(z) = -9*z + 1. What is t(p)?
-8
Let k be -1*(7 - 0)*38/(-133). Let p(a) = 33*a - 76*a + 8 + k + 40*a. Give p(6).
-8
Let d be (-16 - -17)*(-7)/(-1). Let c(p) = p**2 - 3*p - 14. Calculate c(d).
14
Let s(t) = t**3 - 6*t**2 + 4*t + 2. Let f = 39 + -32. Let x be (0 - 2) + (21 - f). Suppose -i + 11 + 10 = 4*n, -2*n = 2*i - x. What is s(n)?
-3
Let p(m) = m - 1. Suppose 0 = 2*l - 2*s - 0*s - 32, -3*l + s + 50 = 0. Suppose -5*c - 60 = -l*c. Suppose 4*b - 3*d = -23, -c*b + 5*d - 13 = 22. Calculate p(b).
-3
Let u be (51/2)/(8/(-39 + -9)). Let j = -148 - u. Let v(b) = -b**3 + 7*b**2 - 5*b + 7. Give v(j).
32
Let p(j) = j**3 + 6*j**2 - 1. Let m be ((-1)/(-1))/(2*1/56). Suppose -18 = m*h - 25*h. What is p(h)?
-1
Let n(r) = r**3 - 5*r**2 + 9*r - 6. Let m = -1003 + 145. Let b = -854 - m. What is n(b)?
14
Let j be ((-6)/(-16))/((-33)/(-264)). Let n(f) = -1441*f**3 + 2*f + 1442*f**3 + 3 - 7*f + j*f**2. Suppose -2*p + 16 = -6*p. Determine n(p).
7
Let d = -159 + 160. Let f(m) = 17*m + 3 - 7*m**2 - 18*m - d - 1. Calculate f(2).
-29
Let s be (1 - 3)*(2 + -3). Suppose 2*w = p - 2 - 6, 2*p - 16 = s*w. Suppose -q - 2*z + p = q, 2*z = 2*q - 4. Let d(k) = -k + 1. Determine d(q).
-2
Let r(m) = -m**2 + 2*m + 10. Suppose 33*u - 2350 = 8*u. Let x = u - 89. Give r(x).
-5
Let t(w) = -w**3 - w**2 - 2*w + 27. Let m(k) = k**3 - 12*k**2 + 31*k + 4. Let y be m(4). Give t(y).
27
Suppose 3*c = c - c. Suppose -2*y = y - s - 35, 5*y + s - 53 = c. Let r(k) = y + 2*k - 6 - 13. What is r(6)?
4
Let r(j) be the first derivative of -j**4/4 - 8*j**3/3 + 17*j**2/2 - 21*j + 50. Let s be r(-10). Let g(m) = m - 5. Give g(s).
4
Let r(c) = c**3 - 17*c**2 + 24*c + 20. Let q(d) = -d**3 + 16*d**2 - 24*d - 11. Let l(b) = 4*q(b) + 3*r(b). What is l(11)?
-6
Let a(l) = -l**2 - 6*l + 63. Let b(s) = -89*s - 173. Let u be b(-2). Determine a(u).
8
Let r(w) = -w**3 + w**2 + 3*w + 6. Let u be 54/(-36)*(-20)/(-6) + 5. Let f be r(u). Let i(x) = x**3 - 6*x**2 - 1. Give i(f).
-1
Let t = 35558 - 35556. Let n(j) = -j**3 + 4*j**2 - 10*j + 9. Calculate n(t).
-3
Let p(v) = v**3 + 4373 + 3*v - 8769 + 4384 + 7*v**2. Calculate p(-6).
6
Suppose -12*y + 23 = -1. Let m(p) = 4 - p**y - 392*p + 785*p - 387*p. Determine m(5).
9
Let h(x) be the first derivative of x**6/60 + x**4/24 - 16*x**3/3 - 16. Let c(z) be the third derivative of h(z). Let l be ((-6)/9)/(2/3). Calculate c(l).
7
Let j(o) = 137 + 34*o**3 + 0*o**3 - 3*o + 4*o**2 + 42*o**2 - 71*o**3 + 36*o**3. Determine j(46).
-1
Suppose -4*k - 3*s - 34 = 0, -4*k + 3*s + 17 = 15. Let o(a) = -31*a - 127. What is o(k)?
-3
Let u(q) be the second derivative of q**2 + 19*q - 1/4*q**5 + 1/2*q**3 + 0*q**4 + 0. Let y(c) = 3*c**3 - 2*c - 1. Let h(g) = -4*u(